5. Let j be f(-7). Let g = 7 + j. Suppose g*n - 36 + 7 = -3*d, 2*n = 5*d - 27. What is the units digit of d?
7
Suppose 4 = -4*g - 2*w + 144, 5*g - 3*w - 153 = 0. What is the units digit of g?
3
Suppose 5*v - 15 = -0*v. What is the units digit of v?
3
Let r be (-9)/(-6)*(-4)/(-3). What is the units digit of (17 - 3 - -2)/r?
8
What is the units digit of 7/(-7 + 0) + 5*27?
4
Let c(o) = o**2 + 8*o + 3. What is the tens digit of c(-9)?
1
Let m be 12 - -1 - (-1 + 0). What is the units digit of ((-72)/(-21))/(2/m)?
4
Let g = 27 - 15. Suppose -d = -5*d + g. What is the units digit of d?
3
Suppose 5*n + 4*i = 0, -2*i + i - 1 = n. Suppose n*o = 8*o - 12. Suppose 0 = -s + o + 4. What is the units digit of s?
7
Let l(n) = 3*n**2 - 2*n + 1. Let g be l(1). Suppose 0 = -g*p - 0*p + 4. Suppose -6 = -p*d + 10. What is the units digit of d?
8
Let p(v) = 78*v**3. What is the units digit of p(1)?
8
Suppose 0 = -3*s - 0*s. Let k(x) = -2*x**3 - 2*x**2 + 2*x. Let q be k(-2). Suppose 2*n - 26 = -0*n + q*m, s = n - 5*m - 19. What is the units digit of n?
9
Suppose -30 = -s - 2*s. Let m(t) be the third derivative of t**5/60 - 7*t**4/24 - 13*t**3/6 - 6*t**2. What is the tens digit of m(s)?
1
Let z = 20 - 0. What is the tens digit of z?
2
Let m be (4/6)/((-8)/(-36)). Suppose 4*u = a - 35, -a - m*u + 2 + 12 = 0. What is the tens digit of a?
2
Suppose r + 476 = 5*r. What is the tens digit of r?
1
Let m = -14 + 10. Let o = m - -6. What is the units digit of o?
2
Let z be 2/(-5) - 94/(-10). Let c(a) = -6*a + 4*a + z*a - 1. What is the units digit of c(1)?
6
Let z be (8/(-6) + 1)*3. Suppose -17*u = -14*u + 30. What is the tens digit of (28/u)/(z/5)?
1
Let u(o) be the first derivative of -o**2 - 4*o - 1. What is the units digit of u(-10)?
6
Let w = 5 - 0. What is the units digit of w?
5
Let l = 174 + -71. What is the units digit of l?
3
Let t = 4 + 2. Let r be 3/((t/(-2))/3). What is the units digit of r/((-6)/16) - 2?
6
Let f = 15 + 32. What is the units digit of f?
7
Let i(p) = -29*p - 1. Let l(v) = -v - 4. Let u be l(-3). What is the tens digit of i(u)?
2
Suppose 32 = -5*h - 18. What is the tens digit of (-1 + -4)*52/h?
2
Suppose 0 = 2*k - 3*x - 312, 5*x = -0*x - 20. Suppose 0*a = -5*a + k. What is the tens digit of a?
3
Let o be (54/12)/(2/4). Suppose -4*n = -o*n + 70. What is the tens digit of n?
1
Let p = -19 + 8. Let x = 28 + p. Suppose 5*q - x = 38. What is the units digit of q?
1
Let j(z) = -2*z**3 - 5*z**2 - 4*z - 2. Let y = 3 + -6. What is the units digit of j(y)?
9
Suppose 0 = -3*b + 2*q + 142, -4*b - 3*q + 188 = -6*q. What is the units digit of b?
0
Suppose -29*b + 25*b = -60. What is the tens digit of b?
1
Suppose -4*z - 254 = -7*z - 2*k, -3*z - 3*k = -258. Let x = z - 47. What is the units digit of x?
5
Let z be (-4 + 2)*(3 - 5). Suppose 0 = -z*c + c + 39. What is the tens digit of c?
1
Suppose 3*q - 3*u - 18 = 0, u = -2*q - q + 38. What is the tens digit of q?
1
Let d = 5 - 3. Let n be (-5)/(15/6) + d. What is the units digit of n - (36/2)/(-3)?
6
Suppose 4*b - 341 = 99. What is the tens digit of b?
1
Let m(x) = x**3 + 7*x**2 + 6*x - 1. Let c be m(-6). Let w(p) = 5*p. Let z be w(c). What is the tens digit of (-26)/(-6)*(-2 - z)?
1
Let u = 153 + -89. What is the tens digit of u?
6
Suppose 20 = 18*u - 14*u. What is the units digit of u?
5
Suppose 3*p = -0*p + 6. Suppose 3*m - p*m = 3. What is the units digit of m?
3
Let u = -18 + 20. Suppose -p = 3*l - 72, u*l - 20 - 28 = 5*p. What is the tens digit of l?
2
Let r(q) be the third derivative of -q**4/3 - q**3/3 + 3*q**2. Let b be r(-3). Let g = b - 15. What is the units digit of g?
7
Let u(v) = -v + 9. Let c be u(7). Suppose 5*s = 4*s + c. Suppose -2*j = -3*m - 17, s*m + 1 = -j - 8. What is the units digit of j?
1
Let g(s) = -s**3 + 8*s**2 + 8*s - 8. Let p be g(9). Let k = p + 32. What is the tens digit of k?
1
Let l(s) = 2*s + 1. Let q be l(2). Let y(n) = -n**2 + 7*n - 6. Let o be y(q). Suppose 3*g = -g + z + 26, -3*g + o*z + 26 = 0. What is the units digit of g?
6
Let j be (-110)/(-8) - 1/(-4). Suppose 5*a - 50 = 90. Let y = a - j. What is the units digit of y?
4
What is the hundreds digit of -2*(-14)/2*19?
2
Let v(h) = -4*h**2 - 5*h + 4. Let b be v(-4). Let s = -22 - b. What is the tens digit of s?
1
Let c(z) = 31*z - 1. Let y(k) = -k**2 + 4*k + 6. Let s be y(5). What is the tens digit of c(s)?
3
Suppose 4 = 4*y - 8. Suppose z - y*z + 4*c = 6, 2*z - 3*c + 6 = 0. Let v = z - -5. What is the units digit of v?
2
Let z = -5 - -10. Suppose 0 = -z*x + 60 - 10. What is the units digit of x?
0
Suppose 3*q + 84 = -q. Let w = -4 - q. What is the tens digit of w?
1
Suppose 4*d - 2*d = -38. Let y = 4 - d. Let b = y - 14. What is the units digit of b?
9
Let g = 15 + -6. What is the units digit of 29/g - 6/27?
3
Suppose 3*i - 16 = -1. Suppose -2 = 3*o - i. Suppose 4 - o = h. What is the units digit of h?
3
Let k(s) be the first derivative of 2*s**2 + 4. What is the tens digit of k(6)?
2
Let r = -5 + 11. Let y be (12/9)/((-4)/(-18)). What is the units digit of ((-21)/r)/((-3)/y)?
7
Let w = -8 + 26. Suppose 0*m + m - 4*o = w, m = -3*o + 25. What is the units digit of m?
2
Let i be (-4)/(-12) + (-3)/9. Suppose x - 37 + 14 = i. What is the tens digit of x?
2
Let q = 33 - 46. Let j(y) = -y. What is the units digit of j(q)?
3
Let d(w) = 7*w - 9. Let x(o) = 4*o - 4. Let p(t) = -3*d(t) + 5*x(t). Suppose 0*r + 16 = 2*r - 3*q, 20 = 2*r - 5*q. What is the units digit of p(r)?
2
Suppose -i = i + 14. Let j = 11 + i. Suppose 5*b - 3*a - 11 = 55, 42 = 2*b + j*a. What is the units digit of b?
5
Let w(g) = -g**3 - 2*g**2 + 3. Suppose -2*h = -7*h - 20. What is the units digit of w(h)?
5
Let j be 0 - -1 - (4 - -3). Let a(q) = 2*q + 2. Let g be a(j). What is the units digit of (1*g)/(-1*2)?
5
Let q = 27 - 15. Suppose -4*v + v = -q. Let z = v - -7. What is the tens digit of z?
1
Let u(n) = 2*n + 4. Let v(s) = 4*s + 8. Let b(j) = -7*u(j) + 3*v(j). What is the units digit of b(-4)?
4
Suppose -43 + 2 = -4*n - v, -3*n = -2*v - 39. What is the units digit of n?
1
Let c(h) = -5*h**3 - 3*h - 2. Let v be c(-2). Let s = -10 - -26. Suppose -v = -5*d - g + s, -d - 2*g + 3 = 0. What is the units digit of d?
3
Let u(l) = l**2 + 2*l + 4. Let b be u(-6). Let f(v) = v**2 - 1. Let o be f(-2). Suppose -4*p = 4*q - b, 0*q = 3*q - 3*p + o. What is the units digit of q?
3
Let s be 1/(4/80*4). Suppose -s*w = -49 - 1. What is the units digit of w?
0
Suppose -d + 40 = 4*d. Let b(z) = -z**3 + 9*z**2 - 10*z - 2. Let k be b(d). What is the units digit of k/(-3)*1 - -1?
7
Suppose -3*b + 2*b + 24 = -4*n, 0 = 2*b. Let m be (-78)/9 - (-1)/(-3). Let r = n - m. What is the units digit of r?
3
Suppose 0 = -o - 3*o + 20. Suppose 2*l - 4 = m, -3*l - 3 = -o*m - 2. Suppose 4*b + 2*y - 26 = -0*b, 0 = -l*b - 5*y + 9. What is the units digit of b?
8
Let h(b) = 8*b**3 - 4*b**2 - b + 8. What is the units digit of h(2)?
4
Let o(l) be the first derivative of l**4/12 + l**3/2 - l**2 - l - 3. Let a(b) be the first derivative of o(b). What is the units digit of a(-5)?
8
What is the tens digit of (-16 - -4)*4/(-2)?
2
Suppose -95 = -3*m + 4. What is the units digit of m?
3
Let c(b) = b**3 - 13*b**2 - 9*b + 19. What is the units digit of c(14)?
9
Let o = -58 - -96. What is the tens digit of o?
3
What is the units digit of (-56)/(-21)*(2 - -37)?
4
Let m(z) = -z**3 + 5*z**2 + z + 6. What is the tens digit of m(5)?
1
Suppose 5*x - 11 = 9. Let d(f) = 1 - x + 0*f + 5*f - 4*f. What is the units digit of d(7)?
4
Suppose -z - 49 = -5*r + 6, 2*r = 2*z + 30. What is the units digit of (-2)/(-5) - (-46)/r?
5
Suppose j = 5*j - 24. Let s be ((-2)/j)/((-1)/(-57)). What is the tens digit of (-2 - s) + -1*2?
1
Suppose -5*z = -71 - 284. What is the units digit of z?
1
Let v be (-1 + 2)/(4/12). What is the tens digit of (-4)/6*(-33 + v)?
2
Let z(g) = -g**2 + 10*g - 2. Suppose -2*k = -k - 4. What is the tens digit of z(k)?
2
Let h = -6 - -12. Suppose -h*o + 6 = -3*o. Suppose 0*g - z - 4 = -g, 0 = 2*g + z - o. What is the units digit of g?
2
Let x = -19 - -35. Let y = x + 1. What is the units digit of y?
7
Let q(k) = -14*k - 5. What is the tens digit of q(-5)?
6
Suppose -207 = 17*w - 18*w. What is the tens digit of w?
0
What is the units digit of -3*(-6)/18*22?
2
Suppose -x = -13 - 7. Suppose x - 2 = 3*n. What 